
3, 13, 5019587
List the prime factors of 912025233.
3, 7, 23, 629417
What are the prime factors of 2341613251?
2341613251
What are the prime factors of 2642011?
47, 67, 839
What are the prime factors of 33926806?
2, 16963403
List the prime factors of 57155144.
2, 1523, 4691
List the prime factors of 65679025.
5, 211, 12451
What are the prime factors of 6783178706?
2, 29, 43, 281, 9679
List the prime factors of 2645637856.
2, 4261, 19403
What are the prime factors of 33116132?
2, 7, 677, 1747
What are the prime factors of 1038288537?
3, 11, 13, 29, 281
List the prime factors of 558647687.
13, 47, 191, 4787
What are the prime factors of 85261513?
211, 313, 1291
What are the prime factors of 942877815?
3, 5, 11, 5714411
What are the prime factors of 651621938?
2, 11, 29, 41, 859
List the prime factors of 373210089.
3, 7, 271, 65579
What are the prime factors of 587905707?
3, 195968569
What are the prime factors of 2476253041?
45673, 54217
What are the prime factors of 4223150482?
2, 19, 311, 357349
List the prime factors of 968030457.
3, 322676819
What are the prime factors of 6981234131?
31, 225201101
What are the prime factors of 26807571?
3, 7, 29, 67, 73
List the prime factors of 84731948.
2, 7, 53, 57097
List the prime factors of 1132713842.
2, 13, 17, 19, 29, 4651
List the prime factors of 401758481.
31, 3593, 3607
List the prime factors of 4112526.
2, 3, 11, 62311
List the prime factors of 147687766.
2, 577, 127979
List the prime factors of 10253910.
2, 3, 5, 53, 6449
What are the prime factors of 36903211?
53, 83, 8389
What are the prime factors of 8619496?
2, 29, 53, 701
What are the prime factors of 423802943?
10949, 38707
List the prime factors of 60833507.
7, 613, 14177
List the prime factors of 190314344.
2, 11, 2162663
What are the prime factors of 5606044980?
2, 3, 5, 71, 641, 2053
What are the prime factors of 139038811?
1279, 108709
What are the prime factors of 54505276?
2, 7, 1946617
List the prime factors of 95109469.
7, 13, 457, 2287
List the prime factors of 5372713812.
2, 3, 2251, 198901
What are the prime factors of 3952104303?
3, 7, 188195443
List the prime factors of 94342301.
43, 47, 46681
List the prime factors of 2028101926.
2, 67, 15135089
What are the prime factors of 1358751475?
5, 4513, 12043
What are the prime factors of 27648504?
2, 3, 13, 109, 271
List the prime factors of 182186414.
2, 91093207
What are the prime factors of 1259901016?
2, 11, 14317057
What are the prime factors of 30975886?
2, 29, 197, 2711
What are the prime factors of 30808386?
2, 3, 7, 17, 19, 757
What are the prime factors of 3699390?
2, 3, 5, 317, 389
What are the prime factors of 388496214?
2, 3, 89, 197, 1231
What are the prime factors of 690186683?
137, 5037859
List the prime factors of 56504365.
5, 37, 43, 7103
List the prime factors of 187693716.
2, 3, 7, 31, 1471
What are the prime factors of 1563871?
19, 53, 1553
List the prime factors of 20261762.
2, 79, 128239
What are the prime factors of 432876486?
2, 3, 7, 47, 31327
What are the prime factors of 13032490?
2, 5, 23, 56663
What are the prime factors of 252463359?
3, 1087, 77419
What are the prime factors of 3497192982?
2, 3, 21587611
List the prime factors of 253728573.
3, 7, 37, 326549
List the prime factors of 839069255.
5, 17, 9871403
What are the prime factors of 393813698?
2, 1489, 132241
What are the prime factors of 1024604253?
3, 23, 4949779
List the prime factors of 61801770.
2, 3, 5, 2060059
What are the prime factors of 797673191?
7, 79, 809, 1783
What are the prime factors of 9343932275?
5, 17, 23, 955901
List the prime factors of 43982945.
5, 83, 105983
List the prime factors of 86394781.
11, 1999, 3929
What are the prime factors of 141082894?
2, 70541447
What are the prime factors of 32950225?
5, 7, 11, 17117
List the prime factors of 17551767.
3, 397, 14737
List the prime factors of 223082716.
2, 401, 139079
List the prime factors of 7161330280.
2, 5, 13, 19, 38149
What are the prime factors of 23930071?
11, 2175461
List the prime factors of 517926460.
2, 5, 113, 229171
List the prime factors of 957732420.
2, 3, 5, 23, 37, 18757
What are the prime factors of 25284541?
113, 223757
List the prime factors of 506234718.
2, 3, 11, 77477
What are the prime factors of 278444944?
2, 2099, 8291
What are the prime factors of 136197364?
2, 173, 196817
What are the prime factors of 70928666?
2, 307, 331, 349
What are the prime factors of 418738484?
2, 353, 296557
List the prime factors of 136442952.
2, 3, 17, 19, 5867
What are the prime factors of 1562303234?
2, 19, 41113243
List the prime factors of 3004848088.
2, 11, 113, 449, 673
What are the prime factors of 2169871?
11, 197261
What are the prime factors of 117785422?
2, 1933, 30467
List the prime factors of 44228408.
2, 7, 789793
List the prime factors of 636952165.
5, 3137, 40609
What are the prime factors of 523573811?
523573811
What are the prime factors of 4472032336?
2, 43, 193, 33679
What are the prime factors of 237877160?
2, 5, 5946929
What are the prime factors of 4456853845?
5, 19, 433, 108347
What are the prime factors of 367134452?
2, 157, 584609
List the prime factors of 2933516707.
11, 266683337
List the prime factors of 1002185851.
53, 859, 22013
What are the prime factors of 5098792959?
3, 13, 43579427
List the prime factors of 39632132.
2, 9908033
What are the prime factors of 1134048544?
2, 35439017
What are the prime factors of 406363586?
2, 23, 409, 21599
What are the prime factors of 532107915?
3, 5, 37, 47, 20399
List the prime factors of 7948939684.
2, 7, 1087, 261169
What are the prime factors of 519893368?
2, 59, 373, 2953
List the prime factors of 686463974.
2, 7, 157, 312313
What are the prime factors of 197992757?
3821, 51817
What are the prime factors of 137424045?
3, 5, 11, 229, 3637
What are the prime factors of 75678818?
2, 97, 390097
List the prime factors of 255653279.
7, 36521897
List the prime factors of 2002326905.
5, 5059, 79159
What are the prime factors of 324958126?
2, 79, 2056697
What are the prime factors of 1020052126?
2, 19, 61, 101, 4357
List the prime factors of 4300964817.
3, 5231, 274069
What are the prime factors of 586074671?
7, 13, 59, 109159
What are the prime factors of 2935586277?
3, 13, 29, 66553
What are the prime factors of 24158038?
2, 3019, 4001
What are the prime factors of 44860434?
2, 3, 7476739
List the prime factors of 773372133.
3, 149, 241, 2393
List the prime factors of 2345541736.
2, 293192717
What are the prime factors of 24235611?
3, 8078537
List the prime factors of 7313971147.
7, 1044853021
List the prime factors of 29098998.
2, 3, 1616611
What are the prime factors of 161813392?
2, 13, 89, 8741
What are the prime factors of 67936236?
2, 3, 101, 56053
What are the prime factors of 51539109?
3, 17179703
List the prime factors of 58444622.
2, 1459, 20029
What are the prime factors of 62965417?
337, 186841
What are the prime factors of 1178317584?
2, 3, 883, 3089
What are the prime factors of 8163308309?
13, 1279, 490967
List the prime factors of 67884222.
2, 3, 7, 1616291
List the prime factors of 57782500.
2, 5, 29, 797
List the prime factors of 178290190.
2, 5, 13, 61, 22483
List the prime factors of 1128658804.
2, 7, 13, 37, 181, 463
What are the prime factors of 3084579825?
3, 5, 31, 1326701
What are the prime factors of 754551636?
2, 3, 19, 3309437
What are the prime factors of 130465905?
3, 5, 17, 511631
What are the prime factors of 409957140?
2, 3, 5, 89, 76771
What are the prime factors of 50937265?
5, 653, 15601
List the prime factors of 33659076.
2, 3, 11, 254993
List the prime factors of 769942528.
2, 83, 9059
What are the prime factors of 16049047?
7, 1283, 1787
What are the prime factors of 509782203?
3, 7, 293, 27617
List the prime factors of 261000286.
2, 17, 1553, 4943
What are the prime factors of 2087657868?
2, 3, 17, 10233617
What are the prime factors of 144788713?
601, 240913
What are the prime factors of 45898059?
3, 401, 38153
List the prime factors of 234301709.
359, 652651
List the prime factors of 584231411.
43, 13586777
What are the prime factors of 7031609001?
3, 1009, 258107
List the prime factors of 5795375935.
5, 1159075187
What are the prime factors of 8509345?
5, 13, 31, 41, 103
List the prime factors of 3574248